d 58?
29
What is the highest common divisor of 625 and 25?
25
What is the highest common divisor of 34 and 306?
34
What is the greatest common factor of 104 and 1079?
13
Calculate the highest common divisor of 30 and 56010.
30
What is the highest common divisor of 1074 and 6?
6
What is the greatest common factor of 135 and 21375?
45
What is the greatest common factor of 50 and 82?
2
What is the greatest common factor of 3 and 59?
1
Calculate the greatest common divisor of 104 and 888.
8
Calculate the highest common factor of 118 and 531.
59
What is the greatest common factor of 8 and 47?
1
Calculate the highest common factor of 638 and 110.
22
Calculate the highest common divisor of 5 and 135.
5
Calculate the highest common factor of 258 and 3741.
129
What is the highest common factor of 49896 and 216?
216
Calculate the highest common factor of 32 and 712.
8
Calculate the greatest common factor of 1 and 96.
1
What is the greatest common factor of 324 and 360?
36
Calculate the highest common divisor of 41 and 1189.
41
Calculate the greatest common factor of 38 and 12.
2
What is the greatest common divisor of 231 and 21?
21
What is the greatest common factor of 21228 and 36?
12
What is the greatest common divisor of 13 and 156?
13
What is the greatest common factor of 21 and 1491?
21
Calculate the highest common divisor of 28056 and 72.
24
What is the highest common divisor of 220 and 121?
11
Calculate the highest common factor of 17 and 714.
17
What is the highest common factor of 99 and 3366?
99
Calculate the greatest common factor of 3627 and 234.
117
Calculate the highest common divisor of 216 and 22248.
216
Calculate the greatest common factor of 288 and 324.
36
What is the greatest common factor of 44 and 2332?
44
Calculate the highest common factor of 483 and 2553.
69
Calculate the highest common divisor of 1023 and 1.
1
Calculate the greatest common divisor of 74386 and 26.
26
Calculate the greatest common divisor of 312 and 24.
24
Calculate the greatest common factor of 4 and 244.
4
Calculate the greatest common divisor of 350 and 126.
14
Calculate the greatest common factor of 30 and 760.
10
What is the highest common factor of 2449 and 124?
31
What is the highest common divisor of 130 and 10?
10
What is the greatest common divisor of 248 and 558?
62
What is the greatest common divisor of 4672 and 949?
73
Calculate the greatest common divisor of 1253 and 7.
7
What is the highest common divisor of 963 and 37878?
321
What is the highest common factor of 192 and 36?
12
What is the highest common divisor of 21 and 301?
7
What is the highest common factor of 40 and 270?
10
Calculate the highest common factor of 140 and 92.
4
What is the highest common divisor of 33 and 93?
3
What is the highest common factor of 20 and 33940?
20
What is the greatest common divisor of 15 and 915?
15
Calculate the highest common factor of 264 and 176.
88
What is the highest common divisor of 15 and 255?
15
Calculate the highest common divisor of 338 and 26.
26
What is the greatest common factor of 96 and 276?
12
Calculate the highest common divisor of 585 and 18.
9
Calculate the highest common divisor of 10730 and 290.
290
What is the highest common factor of 171 and 399?
57
Calculate the highest common divisor of 6572 and 124.
124
What is the highest common factor of 247 and 19?
19
Calculate the greatest common factor of 564 and 423.
141
What is the highest common factor of 63 and 147?
21
What is the highest common divisor of 64 and 2048?
64
What is the highest common divisor of 135 and 45?
45
What is the greatest common factor of 60 and 405?
15
Calculate the highest common divisor of 54 and 134.
2
Calculate the highest common factor of 114 and 76.
38
Calculate the highest common divisor of 50 and 6250.
50
Calculate the highest common divisor of 24 and 88.
8
What is the greatest common factor of 1258 and 222?
74
Calculate the greatest common divisor of 150 and 186.
6
What is the highest common divisor of 55 and 3520?
55
Calculate the highest common factor of 318 and 42.
6
What is the highest common factor of 7 and 189?
7
Calculate the highest common factor of 73 and 1679.
73
Calculate the highest common factor of 73 and 1679.
73
Calculate the highest common divisor of 261 and 348.
87
Calculate the greatest common divisor of 1485 and 135.
135
Calculate the highest common divisor of 72 and 96.
24
Calculate the highest common factor of 122 and 50.
2
Calculate the greatest common factor of 18 and 1206.
18
Calculate the highest common divisor of 73 and 73.
73
What is the greatest common divisor of 32 and 73952?
32
What is the greatest common divisor of 188 and 1598?
94
What is the highest common divisor of 344 and 129?
43
What is the highest common divisor of 5 and 6?
1
What is the highest common divisor of 1736 and 196?
28
What is the greatest common divisor of 5 and 1?
1
Calculate the highest common divisor of 96 and 336.
48
Calculate the greatest common factor of 20764 and 174.
58
Calculate the greatest common divisor of 11 and 352.
11
Calculate the greatest common factor of 2208 and 64.
32
Calculate the greatest common divisor of 468 and 54.
18
What is the greatest common divisor of 192 and 12?
12
Calculate the highest common factor of 15 and 3.
3
Calculate the highest common divisor of 3756 and 12.
12
What is the highest common divisor of 377 and 481?
13
Calculate the highest common factor of 216 and 120.
24
What is the highest common divisor of 2509 and 52?
13
What is the greatest common factor of 5 and 355?
5
What is the highest common factor of 5133 and 87?
87
What is the highest common divisor of 215 and 989?
43
Calculate the greatest common divisor of 13 and 17914.
13
Calculate the greatest common divisor of 10 and 160.
10
Calculate the greatest common factor of 4375 and 35.
35
What is the highest common factor of 830 and 360?
10
What is the greatest common divisor of 50 and 175?
25
What is the highest common divisor of 3 and 2?
1
Calculate the greatest common divisor of 1384 and 136.
8
Calculate the highest common factor of 17 and 106420.
17
What is the highest common factor of 121 and 99?
11
What is the greatest common factor of 3 and 4122?
3
Calculate the highest common factor of 1596 and 372.
12
Calculate the greatest common factor of 10 and 58.
2
What is the highest common factor of 40035 and 17?
17
What is the highest common factor of 195 and 1495?
65
What is the greatest common divisor of 102 and 1700?
34
What is the highest common divisor of 203 and 77?
7
What is the highest common divisor of 252 and 36?
36
What is the highest common divisor of 27 and 423?
9
Calculate the greatest common factor of 60 and 108.
12
Calculate the greatest common divisor of 32 and 1264.
16
Calculate the highest common divisor of 40 and 2648.
8
What is the highest common factor of 1107 and 549?
9
What is the greatest common factor of 96 and 160?
32
What is the highest common factor of 325 and 260?
65
What is the highest common factor of 35621 and 199?
199
Calculate the greatest common factor of 1673 and 7.
7
Calculate the highest common divisor of 70 and 1792.
14
Calculate the greatest common divisor of 1106 and 28.
14
What is the highest common divisor of 17 and 544?
17
What is the greatest common factor of 2525 and 175?
25
What is the highest common factor of 24 and 104?
8
What is the highest common factor of 147 and 196?
49
Calculate the highest common factor of 81 and 5184.
81
Calculate the highest common factor of 21290 and 10.
10
What is the highest common divisor of 96 and 108?
12
Calculate the highest common divisor of 545 and 35.
5
What is the highest common divisor of 36 and 1500?
12
Calculate the highest common factor of 225 and 125.
25
What is the greatest common divisor of 696 and 261?
87
What is the highest common divisor of 93 and 372?
93
What is the highest common factor of 466 and 15611?
233
What is the greatest common factor of 54 and 30?
6
What is the greatest common factor of 1462 and 119?
17
Calculate the highest common divisor of 835 and 10.
5
What is the greatest common factor of 18 and 9?
9
What is the greatest common divisor of 175 and 100?
25
Calculate the highest common factor of 1647 and 27.
27
Calculate the greatest common divisor of 2